{"id":509,"date":"2015-02-18T14:37:56","date_gmt":"2015-02-18T13:37:56","guid":{"rendered":"http:\/\/chessstamps.com\/?page_id=509"},"modified":"2023-09-22T15:46:30","modified_gmt":"2023-09-22T14:46:30","slug":"lieferumfang","status":"publish","type":"page","link":"http:\/\/chessstamps.com\/?page_id=509","title":{"rendered":"A123 Lieferumfang als Dateidownload (BM)"},"content":{"rendered":"<p>Zuletzt aktualisiert: 22.09.2023<strong><br \/>\n<\/strong><\/p>\n<p>Im Vergleich zur 1. Auflage haben viele neue Detailinformationen Einzug in den Katalog gehalten. Auch das Layout wurde an die neue Informationsflut angepasst.<\/p>\n<ol>\n<li>Ende 2014 hatte die 1. Auflage 3.635 Datens\u00e4tze. Der Umfang hat sich nunmehr erweitert auf 5.744 Datens\u00e4tze (2. Auflage: 4.254), was einer Steigerung von 58% entspricht (gegen\u00fcber der 2. Auflage 35%).<\/li>\n<li>Waren urspr\u00fcnglich alle Schach-Briefmarken (SBM) in einem Katalogteil zusammengefasst, so mussten aus technischen Gr\u00fcnden neue Katalogteile gebildet werden. Nun gibt es eine strikte Trennung zwischen offiziellen SBM und semi-offiziellen SBM (Agentenmarken, Marken aus de-facto-Staaten, etc.). Dar\u00fcber hinaus wurde auch eine zeitliche Trennung erforderlich, so da\u00df die SBM nun in die Zeitschienen 1947-1989 und 1990-2023 untergliedert sind.<\/li>\n<li>Neu im Katalog ist jetzt die Darstellung der holl\u00e4ndischen Stadspost Schach-Briefmarken.<\/li>\n<li>Die Variationen und Ausgabeb\u00f6gen wurden vom Briefmarkenteil des Kataloges getrennt. Das bedeutet praktisch, da\u00df jetzt drei Katalogteile vorliegen: Einer f\u00fcr alle Briefmarken, Blocks und Kleinb\u00f6gen, ein eigener f\u00fcr alle Variationen und ein separater f\u00fcr die Ausgabeb\u00f6gen.Zugleich werden diese Datenbest\u00e4nde in zwei Sortierungen angeboten: Einmal chronologisch und in der anderen Version geografisch, also nach L\u00e4ndern.<\/li>\n<li>Weitere Detailangaben bei allen Marken liegen vor f\u00fcr ihre (a) Markengr\u00f6\u00dfe, (b) Z\u00e4hnung, (c) Namen der Designer\/Grafiker, Publisher und Druckereien, (d) WNS-Nummer, (e) Auflagenh\u00f6he, (f) Luftpostverwendung.<\/li>\n<li>Im Gegensatz zur 1. Auflage, in der Werteklassen (von-bis) angegeben waren, wurden f\u00fcr die Marken jetzt Vergleichspreise (Orientierungswerte) berechnet. Die Berechnungsmethode wird transparent beschrieben.<\/li>\n<li>F\u00fcr alle Marken (au\u00dfer den Variationen) werden Hinweise zu ihrer allgemeinen Marktverf\u00fcgbarkeit gegeben<\/li>\n<li>Zur besseren Unterscheidung aller Marken untereinander innerhalb des Kataloges gibt es eine eigene Katalog-Referenznummer.<\/li>\n<li>Nat\u00fcrlich wurden auch Fehler der 2. Auflage beseitigt.<\/li>\n<li>Ein ausf\u00fchrliches Handbuch beschreibt alle Details des Kataloges.<\/li>\n<\/ol>\n","protected":false},"excerpt":{"rendered":"<p>Zuletzt aktualisiert: 22.09.2023 Im Vergleich zur 1. Auflage haben viele neue Detailinformationen Einzug in den Katalog gehalten. Auch das Layout wurde an die neue Informationsflut angepasst. Ende 2014 hatte die 1. Auflage 3.635 Datens\u00e4tze. Der Umfang hat sich nunmehr erweitert auf 5.744 Datens\u00e4tze (2. Auflage: 4.254), was einer Steigerung von 58% entspricht (gegen\u00fcber der 2. [&hellip;]<\/p>\n","protected":false},"author":1,"featured_media":0,"parent":94,"menu_order":0,"comment_status":"closed","ping_status":"open","template":"","meta":{"footnotes":""},"class_list":["post-509","page","type-page","status-publish","hentry"],"_links":{"self":[{"href":"http:\/\/chessstamps.com\/index.php?rest_route=\/wp\/v2\/pages\/509","targetHints":{"allow":["GET"]}}],"collection":[{"href":"http:\/\/chessstamps.com\/index.php?rest_route=\/wp\/v2\/pages"}],"about":[{"href":"http:\/\/chessstamps.com\/index.php?rest_route=\/wp\/v2\/types\/page"}],"author":[{"embeddable":true,"href":"http:\/\/chessstamps.com\/index.php?rest_route=\/wp\/v2\/users\/1"}],"replies":[{"embeddable":true,"href":"http:\/\/chessstamps.com\/index.php?rest_route=%2Fwp%2Fv2%2Fcomments&post=509"}],"version-history":[{"count":20,"href":"http:\/\/chessstamps.com\/index.php?rest_route=\/wp\/v2\/pages\/509\/revisions"}],"predecessor-version":[{"id":3932,"href":"http:\/\/chessstamps.com\/index.php?rest_route=\/wp\/v2\/pages\/509\/revisions\/3932"}],"up":[{"embeddable":true,"href":"http:\/\/chessstamps.com\/index.php?rest_route=\/wp\/v2\/pages\/94"}],"wp:attachment":[{"href":"http:\/\/chessstamps.com\/index.php?rest_route=%2Fwp%2Fv2%2Fmedia&parent=509"}],"curies":[{"name":"wp","href":"https:\/\/api.w.org\/{rel}","templated":true}]}}