{"id":203,"date":"2014-10-09T09:05:24","date_gmt":"2014-10-09T07:05:24","guid":{"rendered":"http:\/\/chessstamps.com\/wordpress\/?page_id=203"},"modified":"2025-10-12T17:26:10","modified_gmt":"2025-10-12T16:26:10","slug":"news","status":"publish","type":"page","link":"http:\/\/chessstamps.com\/?page_id=203","title":{"rendered":"C &#8211; News"},"content":{"rendered":"<p><strong><span style=\"color: #ff0000;\">Letzte Aktualisierung\/Last Update: 21.05.2025<\/span><\/strong><\/p>\n<p><strong>12.02.2025<\/strong><\/p>\n<p>E &#8211; Free Downloads:<\/p>\n<p>Information und aktuelle Liste \u00fcber eine neue Abzockmethode bei den Agentenmarken.<\/p>\n<p>Information and topical listing about a new rip-off methode with agent stamps<\/p>\n<p><strong>10.02.2025<\/strong><\/p>\n<p>Korrekturen und Aktualisierung der Phila-Gesamtliste<\/p>\n<p>Corrections and updating of the Phila Total List<\/p>\n<p><strong><del>18.11.2024<\/del> 21.05.2025<\/strong><\/p>\n<p>Verkaufsangebote f\u00fcr ca. 100 Schach-Ausgabeb\u00f6gen auf der Titelseite (aktualisiert)<\/p>\n<p>Sale offers of about 100 chess issue sheets on HOME page (updated)<\/p>\n<p><strong>20.03.2024<\/strong><\/p>\n<p>Aktualisierung der Informationen \u00fcber Agentenmarken in Kapitel &#8222;Free Downlaods&#8220;<\/p>\n<p>Updating of the information about agent stamps in chapter &#8222;Free Downloads&#8220;<\/p>\n<p><strong>17.03.2024<\/strong><\/p>\n<p>Korrekturen und Aktualisierung der Phila-Gesamtliste<\/p>\n<p>Corrections and updating of the Phila Total List<\/p>\n<p><strong>20.03.2024<\/strong><\/p>\n<p>Aktualisierung der Informationen \u00fcber Agentenmarken in Kapitel &#8222;Free Downlaods&#8220;<\/p>\n<p>Updating of the information about agent stamps in chapter &#8222;Free Downloads&#8220;<\/p>\n<p><strong>14.01.2024<\/strong><\/p>\n<p>Aktualisierung der Listen illegaler Schachmarken (sog. &#8222;Cinderellas&#8220;) in Kapitel H11<\/p>\n<p>Updating of the listings of illegal chess stamps (so-called &#8222;Cinderellas&#8220;) in chapter H12<\/p>\n<p><strong>30.11.2023<\/strong><\/p>\n<p><strong>Neuer Briefmarkenkatalog verf\u00fcgbar<\/strong><\/p>\n<p><strong>Preis: <\/strong><strong>25,00 \u20ac<br \/>\n<\/strong><\/p>\n<p><strong>Fr\u00fchere K\u00e4fer erhalten 5,00 \u20ac Rabatt<\/strong><\/p>\n<p><strong>New stamp catalog available <\/strong><\/p>\n<p><strong>Price: <\/strong><strong>25,00 \u20ac<br \/>\n<\/strong><\/p>\n<p><strong>Former buyers are granted 5,00 \u20ac rebate<\/strong><\/p>\n<p><strong>23.09.2023<\/strong><\/p>\n<p>Korrekturen und Aktualisierung der Phila-Gesamtliste<\/p>\n<p>Corrections and updating of the Phila Total List<\/p>\n<p><strong>17.05.2023<\/strong><\/p>\n<p>Aktualisierungen von Statistiken rund um Schach-Briefmarken (A13), Schach-Stempel (A23), Schach-Ganzsachen (A33) und Schach-FDCs (A43)<\/p>\n<p>Updates of statistics around chess stamps (B13), chess postmarks (B23), chess postal stationery (B33) and chess FDCs (B43)<\/p>\n<p><strong>21.01.2023<\/strong><\/p>\n<p>Korrekturen und Aktualisierung der Phila-Gesamtliste<\/p>\n<p>Corrections and updating of the Phila Total List<\/p>\n<p><strong>08.01.2023<\/strong><\/p>\n<p>Ver\u00f6ffentlichung der Liste &#8222;Neue Schachbriefmarken 2022&#8220; und numerische Darstellung der in 2022 gedruckten semi-offiziellen Schachbriefmarken durch Agenten auf der Seite E &#8211; Free Downloads.<\/p>\n<p>Publication of the &#8222;New Chess Stamps 2022&#8220; list and numerical representation of semi-official chess stamps printed in 2022 by agents. See page: E &#8211; Free Downloads.<\/p>\n<p><strong>07.01.2023<\/strong><\/p>\n<p>Gesamtliste aller philatelistischen Schach-Objekte: Die bisher ver\u00f6ffentlichte Excel-Datei wurde ersetzt durch eine PDF-Datei (510 Seiten, Gr\u00f6sse 4,4 MB, 12.586 Positionen). Sie finden diese Liste unter &#8222;E &#8211; Free Downloads&#8220;.<\/p>\n<p>(Vorherige Ver\u00f6ffentlichung war im September 2022)<\/p>\n<p>Total List of all philatelic chess objects: The Excel file published to date was replaced by a PDF-file (510 pages, 4,4 MB size, 12.586 positions). You will find this list under &#8222;E &#8211; Free Downloads&#8220;<\/p>\n<p>(Previous publication was in September 2022)<\/p>\n<p><strong>07.01.2023<\/strong><\/p>\n<p><strong>Spendenaktion f\u00fcr die Ukraine 2022<\/strong><\/p>\n<p>Dank der K\u00e4ufer des Stempelkataloges (3. Auflage) konnte Ende 2022 ein Spenden-Gesamtbetrag von 267,00 EUR an die CARITAS International \u00fcberwiesen werden. Allen K\u00e4ufern dieser Spezialausgabe herzlichen Dank!<\/p>\n<p><strong>Fundraiser for Ukraine 2022<\/strong><\/p>\n<p>Thanks to the buyers of the postmark&#8217;s catalog (3rd edition), a total donation amount of EUR 267.00 was transferred to CARITAS International at the end of 2022. Thank you to everyone who bought this special edition!<\/p>\n<p><strong>19.07.2022<\/strong><\/p>\n<p>\u00dcberarbeitung und Aktualisierung der Seite &#8222;Illegales&#8220;. Jetzt 968 Positionen.<\/p>\n<p>Revision and updating of the page &#8222;Illegals&#8220;. Now 968 positions.<\/p>\n<p><strong>18.06.2022<\/strong><\/p>\n<p>Nachdem mich heute die Nachricht erreicht hat, da\u00df die GSM nach ihrer letzten Jahresversammlung ohne neu gew\u00e4hlten Vorstand verblieben ist und ebenso unsicher ist, ob es noch ein weiteres GSM Mitteilungsblatt in der Zunkunft geben wird, habe ich mich entschlossen, die neuesten Schachbriefmarken k\u00fcnftig hier auf meiner Website zu ver\u00f6ffentlichen. Bitte schauen Sie regelm\u00e4\u00dfig unter &#8222;Free Downloads&#8220;.<\/p>\n<p>After the news reached me today that the GSM remained without a newly elected board after its last annual meeting and that it is equally uncertain whether there will be another GSM Messenger in future, I have decided to publish the latest chess stamps here on my website in future. Please have a regular look under &#8222;Free Downloads&#8220;.<\/p>\n<p><strong>18.05.2022<\/strong><\/p>\n<p>Stempelkatalog, 3. Auflage: Ver\u00f6ffentlichung des Benutzerhandbuches unter Kapitel A215<\/p>\n<p>Catalogue of Postmarks, 3rd Edition: Publication of User Handbook under chapter B215<\/p>\n<p><strong>16.05.2022<\/strong><\/p>\n<p>Aktualisierung der Rubrik &#8222;Illegales&#8220; durch Hinzuf\u00fcgen neuer illegaler Briefmarken.<\/p>\n<p>Updating of the category &#8222;Illegals&#8220; by adding new illegal stamps.<\/p>\n<p><strong>10.05.2022<\/strong><\/p>\n<p>Einzigartig in der Schach-Philatelie: Auf der Seite der kostenlosen Downloads erscheint ein Update (V3) der Komplettliste aller philatelistischen Schach-Objekte (Excel Datei) zum kostenlosen Ansehen und Kopieren.<\/p>\n<p>Unique in Chess Philately: An update (V3) of the complete list of all philatelic chess objects (Excel file) for free viewing and copying appears on the free downloads page.<\/p>\n<p><strong>01.05.2022<\/strong><\/p>\n<p>Die 3. Auflage des Stempelkatalogs wird als &#8222;Ukrainische Ausgabe&#8220; in K\u00fcrze ver\u00f6ffentlicht. Besonderheit: Die H\u00e4lfte des Kaufpreises von 30,00 EUR wird f\u00fcr Ukrainische Hilfsorganisationen gespendet.<\/p>\n<p>The 3rd edition of the postmark catalogue will be published on short notivce as &#8222;Ukrainian Edition&#8220;. Special feature: Half of the purchase price of 30,00 EUR will be donated to Ukranian aid organizations.<\/p>\n<p><strong>25.11.2021<\/strong><\/p>\n<p>1. Der Artikel mit einem Vorschlag zur Berechnung von Vergleichspreisen f\u00fcr Belege mit Schachstempeln ist nunmehr ver\u00f6ffentlicht: Seite <a href=\"http:\/\/chessstamps.com\/?page_id=3184\">J \u2013 Schach-Stempel Preisrechner \/ Chess Postmarks Price Calculator<\/a><\/p>\n<p>1st The article with a proposal for calculating comparative prices for covers with chess postmarks has now been published: Page <a href=\"http:\/\/chessstamps.com\/?page_id=3184\">J \u2013 Schach-Stempel Preisrechner \/ Chess Postmarks Price Calculator<\/a><\/p>\n<p>2. Aktualisierung der Seite &#8222;G-Suche\/Search&#8220;: Hier wurden alle meine Suchlisten auf den aktuellen Stand gebracht.<\/p>\n<p>2nd Update of the page &#8222;G-Suche \/ Search&#8220;: All my search lists have been brought up to date.<\/p>\n<p>Aktualisierung der Rubrik &#8222;Illegales&#8220; durch Hinzuf\u00fcgen neuer illegaler Briefmarken.<\/p>\n<p>Updating of the category &#8222;Illegales&#8220; by adding new illegal stamps.<\/p>\n<p><strong>05.10.2021<\/strong><\/p>\n<p><strong>Start der Seite &#8222;J: Schachstempel &#8211; Preisrechner&#8220;<\/strong><\/p>\n<p>mit Ver\u00f6ffentlichung einer Excel-Datei, die die Berechnung erm\u00f6glicht. Der entsprechende Artikel erscheint hier erst nach Ver\u00f6ffentlichung im GSM-Mitteilungsblatt,also Anfang November 2021.<\/p>\n<p><strong>Start of the new site &#8222;J: Chess Postmark Price Calculator&#8220;<\/strong><\/p>\n<p>with publication of an Excel file that enables the calculation. The corresponding article will only appear here after it has been published in the GSM bulletin, i.e. at the beginning of November 2021.<\/p>\n<p><strong>09.06.2021<\/strong><\/p>\n<p>Aktualisierung der Rubrik &#8222;Illegales&#8220; durch Hinzuf\u00fcgen neuer illegaler Briefmarken.<\/p>\n<p>Updating of the category &#8222;Illegales&#8220; by adding new illegal stamps.<\/p>\n<p><strong>22.03.2021<\/strong><\/p>\n<p>Definition einer Schachbriefmarke\/Definition of a Chess Stamp<\/p>\n<p>Artikel von Harold van der Heijden (NL) und Hennes Deuker (D), gerade ver\u00f6ffentlicht im Chess Stamp Review #181<\/p>\n<p>Article of Harold van der Heiden (NL) and Hennes Deuker (D), just published in the last Chess Stamp Review #181<\/p>\n<p><strong>27.01.2021<\/strong><\/p>\n<p>Aktualisierung: Kostenloser Download der Komplettliste aller philatelistischen Schach-Objekte V.2 (Excel Datei).<\/p>\n<p>Updating: Complete &#8222;List of all philatelic chess objects V.2&#8220; as free download (Excel file).<\/p>\n<p><strong>12.01.2021<\/strong><\/p>\n<p>Brandneuer Katalog: Schach FDCs<\/p>\n<p>Brand New Catalogue: Chess FDCs<\/p>\n<p><strong>29.11.2020<\/strong><\/p>\n<p>Aktualisierung der Rubrik &#8222;Illegales&#8220; durch Hinzuf\u00fcgen neuer illegaler Briefmarken.<\/p>\n<p>Updating of the category &#8222;Illegales&#8220; by adding new illegal stamps.<\/p>\n<p><strong>12.09.2020<\/strong><\/p>\n<p>Weltneuheit: Erstmalig erscheint auf der Seite der kostenlosen Downloads eine Komplettliste aller philatelistischen Schach-Objekte (Excel Datei).<\/p>\n<p>World Novelty: For the first time, a complete list of all philatelic chess objects appears on the free downloads page (Excel file).<\/p>\n<p><strong>03.02.2020<\/strong><\/p>\n<p>Die Berichterstattung \u00fcber illegale Briefmarken wird um Franz\u00f6sisch, Spanisch, Italienisch und Holl\u00e4ndisch erg\u00e4nzt.<\/p>\n<p>The reporting about illegal chess stamps will be expanded by French, Spanish, Italian and Dutch<\/p>\n<p>Le signalement des timbres ill\u00e9gaux est compl\u00e9t\u00e9 par le <strong>fran\u00e7ais<\/strong>, l&#8217;espagnol, l&#8217;italien et le n\u00e9erlandais.<\/p>\n<p>Los informes sobre sellos ilegales se complementan con franc\u00e9s, <strong>espa\u00f1ol<\/strong>, italiano y holand\u00e9s.<\/p>\n<p>La segnalazione di francobolli illegali \u00e8 integrata da francese, spagnolo, <strong>italiano<\/strong> e olandese.<\/p>\n<p>Het melden van illegale postzegels wordt aangevuld met Frans, Spaans, Italiaans en <strong>Nederlands<\/strong>.<\/p>\n<p><strong>16.06.2020<\/strong><\/p>\n<p>(a)<\/p>\n<p>Aktualisierung der Rubrik &#8222;Illegales&#8220; durch Hinzuf\u00fcgen neuer illegaler Briefmarken.<\/p>\n<p>Updating of the category &#8222;Illegales&#8220; by adding new illegal stamps.<\/p>\n<p>(b)<\/p>\n<p>Neuer Link: Die Homepage unserer franz\u00f6sischen Sammlerfreunde &#8222;Themechecs&#8220;<\/p>\n<p>New link: The website of our French collector friends &#8222;Themechecs&#8220;<\/p>\n<p><strong>20.05.2020<\/strong><\/p>\n<p>Aktualisierung der Statistiken f\u00fcr Briefmarken (13)<\/p>\n<p>Updates on Statistics on Stamps (13)<\/p>\n<p><strong>08.11.2019<\/strong><\/p>\n<p>Neue Seiten: Schach-Ganzsachen (SGS)<\/p>\n<p>New pages: Chess Postal Stationery (CPS)<\/p>\n<p><strong>04.11.2019<\/strong><\/p>\n<p>Aktualisierung der Rubrik &#8222;Illegales&#8220; durch Hinzuf\u00fcgen neuer illegaler Briefmarken.<\/p>\n<p>Updating of the category &#8222;Illegales&#8220; by adding new illegal stamps.<\/p>\n<p><strong>14.08.2019 <\/strong><\/p>\n<p>Wie neue Recherchen jetzt best\u00e4tigt haben, sind alle im Briefmarken-Katalog aufgef\u00fchrten Positionen der Elfenbeink\u00fcste illegale Drucke. Hersteller war Impressor SA.<\/p>\n<p>As new research has now confirmed, all the Ivory Coast positions listed in the stamp catalogue are illegal prints. Publisher was Impressor SA.<\/p>\n<p><strong>09.08.2019<\/strong><\/p>\n<p>Die Seite wird ein wenig umgebaut, um das Thema &#8222;Illegale Schach-Briefmarken&#8220; mehr in den Fokus zu holen<\/p>\n<div id=\"KnM9nf\">The site is in process of rebulding a bit to bring the topic of illegal chess stamps more into focus<\/div>\n<div><\/div>\n<p><strong>24.07.2019<\/strong><\/p>\n<p>Zwei neue Links mit Bibliografien von Gerhard Buchfelder \u00fcber Schach in Malerei und Literatur<\/p>\n<p>Two new links with bibliographies by Gerhard Buchfelder about chess in painting and literature.<\/p>\n<p><strong>18.07.2019<\/strong><\/p>\n<p>Neue Seiten f\u00fcr meine Suche nach fehlenden Objekten: H SUCHE\/SEARCH<\/p>\n<p>New pages for my search for missing objects: H SUCHE\/SEARCH<\/p>\n<p><strong>12.07.2019<\/strong><\/p>\n<p>Aktualisierung der Seite 3: Wertlose Schach-&#8222;Briefmarken&#8220;<\/p>\n<p>Update of page 3: Worthless Chess &#8222;Stamps&#8220;<\/p>\n<p><strong>07.01.2019<\/strong><\/p>\n<p><strong>Kataloge: Neue Versandregeln<\/strong><\/p>\n<p>Aufgrund von Regel\u00e4nderungen bei der Deutsche Post AG zum 01.01.2019 (Kein Versand von Waren mehr mit BRIEF INTERNATIONAL!) wird der Versendungsvorgang der Kataloge ab sofort ge\u00e4ndert.<\/p>\n<p>Bisher wurden die Kataloge auf dem Postweg auf DVD ausgeliefert. K\u00fcnftig werden die DVDs und deren postalische Versendung durch einen Downloadvorgang des K\u00e4ufers ersetzt. Versand- und Verpackungsgeb\u00fchren entfallen damit f\u00fcr den K\u00e4ufer. Einzig die Nutzung von PayPal verursacht noch eine pauschale Geb\u00fchr von 2,00 EUR. K\u00e4ufer in DE\/EU w\u00e4hlen zwischen SEPA-Transfer (kostenlos) und PayPal, au\u00dferhalb der EU ist nur PayPal als Zahlungsweg nutzbar.<\/p>\n<p>Ein K\u00e4ufer hat durch diese neue Regelung k\u00fcnftig zwei Vorteile:<\/p>\n<ul>\n<li>Die Kosten verringern sich f\u00fcr ihn<\/li>\n<li>Die \u00dcbermittlung der Kataloge ist zeitlich schneller<\/li>\n<\/ul>\n<p>Der Kaufvorgang wird ab sofort wie folgt abgewickelt:<\/p>\n<ol>\n<li>F\u00fcllen Sie den Ordervordruck komplett aus und senden Sie ihn ab.<\/li>\n<li>Sie erhalten zuerst eine automatisierte Order-Best\u00e4tigung.<\/li>\n<li>Sie erhalten anschlie\u00dfend per Email eine Rechnung mit der Bitte um Bezahlung.<\/li>\n<li>Sie zahlen den Rechnungsbetrag auf das angegebene Bankkonto (DE\/EU) oder auf das PayPal-Konto (WW). Bei Nutzung von PayPal fallen leider 2,00 EUR Geb\u00fchren an.<\/li>\n<li>Nach Geldeingang wird Ihr lizenzierter Katalog hergestellt und zum Download bereitgestellt.<\/li>\n<li>Sie erhalten per Email einen Download-Link (DLL), mit dem Sie die Dateien (1,6 GB) herunterladen k\u00f6nnen. Der DLL ist aber nur f\u00fcr Ihre Emailadresse freigeschaltet, die Sie bei der Bestellung angegeben haben.<\/li>\n<li>Richten Sie auf Ihrer Festplatte ein neues eigenes Verzeichnis f\u00fcr die Dateien des Kataloges ein.<\/li>\n<li>Speichern Sie alle Dateien, die unter dem angegebenen DLL verf\u00fcgbar sind, in dieses neue Verzeichnis ab. Jede der gespeicherten Dateien kann einzeln ge\u00f6ffnet werden.<\/li>\n<li>Denken Sie daran, alle Katalog-Dateien auf einem geeigneten Datentr\u00e4ger (z. B. auf DVD oder USB-Stick) gegen Verlust zu sichern!<\/li>\n<li>Mit Beendigung des Downloads ist der gesamte Kaufvorgang abgeschlossen.<\/li>\n<li>Bei Problemen wenden Sie sich bitte an <a href=\"mailto:info@chessstamps.com\">info@chessstamps.com<\/a><\/li>\n<\/ol>\n<p><strong>Catalogues: New Shipping Rules<\/strong><\/p>\n<p>Due to rule changes at Deutsche Post AG on 01.01.2019 (no more shipping of goods with INTERNATIONAL LETTER!), the dispatch process of the catalogs is now changed.<\/p>\n<p>So far, the catalogues have been delivered by post to DVD. In the future, the DVDs and their postal dispatch will be replaced by a download process of the buyer. Shipping and packaging fees are thus eliminated for the buyer. Only the use of PayPal causes a flat fee of 2.00 EUR. Buyers in DE\/EU choose between SEPA-Transfer (free) and PayPal, outside of the EU only PayPal can be used as payment method.<\/p>\n<p>A buyer has two advantages in the future due to this new regulation:<\/p>\n<ul>\n<li>The costs are reduced for him<\/li>\n<li>The transmission of the catalogues is faster in time<\/li>\n<\/ul>\n<p>The purchase process is now carried out as follows:<\/p>\n<ol>\n<li>Complete the order form and send it off.<\/li>\n<li>You will receive an automated order confirmation first.<\/li>\n<li>You will then receive an invoice by email requesting your payment.<\/li>\n<li>You pay the invoice amount to the specified bank account (DE\/EU) or to the PayPal account (WW). PayPal usage unfortunately fall to 2.00 EUR fees.<\/li>\n<li>Upon receipt of the money, your licensed catalogue will be produced and made available for download.<\/li>\n<li>You will receive a download link (DLL) via email, which you can download the files (1.6 GB) with. The DLL is only activated for your email address, which you have specified during order process.<\/li>\n<li>Create a new directory on your hard disk for the files in the catalogue.<\/li>\n<li>Save all files available under the specified DLL to this new directory. Each of the saved files can be opened individually.<\/li>\n<li>Remember to protect all catalogue files against loss on a suitable data medium (eg on DVD or USB stick)!<\/li>\n<li>When the download is complete, the entire purchase process is complete.<\/li>\n<li>In case of problems, please contact <a href=\"mailto:info@chessstamps.com\">info@chessstamps.com<\/a><\/li>\n<\/ol>\n<p><strong>23.12.2018<\/strong><\/p>\n<p>Aktualisierung der Seite 3: Wertlose Schach-&#8222;Briefmarken&#8220;<\/p>\n<p>Update of page 3: Worthless Chess &#8222;Stamps&#8220;<\/p>\n<p><strong>22.12.18<\/strong><\/p>\n<p>Die zweite Auflage des Stempelkataloges ist erschienen. Alle Seiten, die sich damit befassen, wurden oder werden in K\u00fcrze aktualisiert.<\/p>\n<p>The second edition of the catalogue &#8222;Chess on Cancels&#8220; is published. All pages dealing with this subject are updated or will be shortly.<\/p>\n<p><strong>17.09.2018<\/strong><\/p>\n<p>Aktualisierung der Seite 3: Wertlose Schach-&#8222;Briefmarken&#8220;<\/p>\n<p>Update of page 3: Worthless Chess &#8222;Stamps&#8220;<\/p>\n<p><strong>13.08.2018<\/strong><\/p>\n<p>Seit Kurzem werden bei ebay drei unterschiedliche Marken aus Benin angeboten, die ganz offensichtlich F\u00e4lschungen sind. Bei den drei Marken handelt es sich um urspr\u00fcngliche Dahomey-Marken, die nach entsprechenden \u00dcberdrucken f\u00fcr den Nachfolgestaat Benin genutzt wurden.<\/p>\n<p>Die F\u00e4lschung ist relativ leicht zu identifizieren, da die Original\u00fcberdrucke glatte Buchstaben und Zahlen zeigen, w\u00e4hrend die F\u00e4lschungen die f\u00fcr PC-Drucker typischen Ausfransungen bei Buchstaben und Zahlen aufweisen. Ich hoffe, die Bilder unten k\u00f6nnen das in ausreichendem Ma\u00dfe darstellen.<\/p>\n<p>Recently, three different brands from Benin have been offered on ebay, which are obviously fakes. The three stamps are original Dahomey stamps, which were used after corresponding overprints for the successor State of Benin.<\/p>\n<p>The forgery is relatively easy to identify, as the original overprints show smooth letters and numbers, while the forgeries have the typical PC-printer fraying of letters and numbers. I hope the pictures below can show this to a sufficient extent.<\/p>\n<p>These are exactly the following definitive stamps:<\/p>\n<p>Benin 2000 Michel# 1308<\/p>\n<p>Benin 2008 Michel# 1444<\/p>\n<p>Benin 2009 Michel# 1546<\/p>\n<p><a href=\"http:\/\/chessstamps.com\/wp-content\/uploads\/2018\/08\/Benin_2000_BA.jpg\"><img loading=\"lazy\" decoding=\"async\" class=\"alignnone size-full wp-image-1383\" src=\"http:\/\/chessstamps.com\/wp-content\/uploads\/2018\/08\/Benin_2000_BA.jpg\" alt=\"\" width=\"790\" height=\"592\" srcset=\"http:\/\/chessstamps.com\/wp-content\/uploads\/2018\/08\/Benin_2000_BA.jpg 790w, http:\/\/chessstamps.com\/wp-content\/uploads\/2018\/08\/Benin_2000_BA-300x225.jpg 300w, http:\/\/chessstamps.com\/wp-content\/uploads\/2018\/08\/Benin_2000_BA-768x576.jpg 768w, http:\/\/chessstamps.com\/wp-content\/uploads\/2018\/08\/Benin_2000_BA-624x468.jpg 624w\" sizes=\"auto, (max-width: 790px) 100vw, 790px\" \/><\/a><\/p>\n<p><a href=\"http:\/\/chessstamps.com\/wp-content\/uploads\/2018\/08\/Benin_2008_BA.jpg\"><img loading=\"lazy\" decoding=\"async\" class=\"alignnone size-full wp-image-1384\" src=\"http:\/\/chessstamps.com\/wp-content\/uploads\/2018\/08\/Benin_2008_BA.jpg\" alt=\"\" width=\"754\" height=\"593\" srcset=\"http:\/\/chessstamps.com\/wp-content\/uploads\/2018\/08\/Benin_2008_BA.jpg 754w, http:\/\/chessstamps.com\/wp-content\/uploads\/2018\/08\/Benin_2008_BA-300x236.jpg 300w, http:\/\/chessstamps.com\/wp-content\/uploads\/2018\/08\/Benin_2008_BA-624x491.jpg 624w\" sizes=\"auto, (max-width: 754px) 100vw, 754px\" \/><\/a><\/p>\n<p><a href=\"http:\/\/chessstamps.com\/wp-content\/uploads\/2018\/08\/Benin_2009_BA.jpg\"><img loading=\"lazy\" decoding=\"async\" class=\"alignnone size-full wp-image-1385\" src=\"http:\/\/chessstamps.com\/wp-content\/uploads\/2018\/08\/Benin_2009_BA.jpg\" alt=\"\" width=\"755\" height=\"603\" srcset=\"http:\/\/chessstamps.com\/wp-content\/uploads\/2018\/08\/Benin_2009_BA.jpg 755w, http:\/\/chessstamps.com\/wp-content\/uploads\/2018\/08\/Benin_2009_BA-300x240.jpg 300w, http:\/\/chessstamps.com\/wp-content\/uploads\/2018\/08\/Benin_2009_BA-624x498.jpg 624w\" sizes=\"auto, (max-width: 755px) 100vw, 755px\" \/><\/a><\/p>\n<p><strong>17.07.2018<\/strong><\/p>\n<p>Aktualisierung der Seite 3: Wertlose Schach-&#8222;Briefmarken&#8220;<\/p>\n<p>Update of page 3: Worthless Chess &#8222;Stamps&#8220;<\/p>\n<p><strong>06.06.2018<\/strong><\/p>\n<p>Einf\u00fcgung der Datenschutzerkl\u00e4rung<\/p>\n<p>Insertion of the data privacy statement<\/p>\n<p><strong>20.05.2018\/27.05.2018<\/strong><\/p>\n<p>Aktualisierung der Seite 3: Wertlose Schach-&#8222;Briefmarken&#8220;<\/p>\n<p>Update of page 3: Worthless Chess &#8222;Stamps&#8220;<\/p>\n<p>Marken von Turkmenistan 21.09.2017 (&#8222;Ashgabat&#8220;) wurden zu Cinderellas umklassifiziert.<\/p>\n<p>Stamps of Turkmenistan 21.09.2017 (&#8222;Ashgabat&#8220;) were re-classified as Cinderellas.<\/p>\n<p><strong>24.01.2018<\/strong><\/p>\n<p>Neue Seite: Katalogabgleich (Stempel)<\/p>\n<p>New Page: Comparison of Catalogues (Cancels)<\/p>\n<p><strong>18.11.2017<\/strong><\/p>\n<p>Ank\u00fcndigung der neuen Auflage des Briefmarken-Katalogs und Ver\u00f6ffentlichung einer DEMO<\/p>\n<p>Announcement of the new edition of the stamps catalogue and publication of a DEMO<\/p>\n<p>Seite 24 = Stempelsuche: Jetzt ist die fehlende Excel-Datei abrufbar<\/p>\n<p>Page 24 = Searching for Cancels: Now, the missing Excel file is available.<\/p>\n<p><strong>19.09.2017<\/strong><\/p>\n<p>Aktualisierung der Seite 3: Wertlose Schach-&#8222;Briefmarken&#8220;<\/p>\n<p>Update of page 3: Worthless Chess &#8222;Stamps&#8220;<\/p>\n<p><strong>08.09.2017<\/strong><\/p>\n<p>Ver\u00f6ffentlichung der neuen Seite 3: Wertlose Schach-&#8222;Briefmarken&#8220;<\/p>\n<p>Publication of new page 3: Worthless Chess &#8222;Stamps&#8220;<\/p>\n","protected":false},"excerpt":{"rendered":"<p>Letzte Aktualisierung\/Last Update: 21.05.2025 12.02.2025 E &#8211; Free Downloads: Information und aktuelle Liste \u00fcber eine neue Abzockmethode bei den Agentenmarken. Information and topical listing about a new rip-off methode with agent stamps 10.02.2025 Korrekturen und Aktualisierung der Phila-Gesamtliste Corrections and updating of the Phila Total List 18.11.2024 21.05.2025 Verkaufsangebote f\u00fcr ca. 100 Schach-Ausgabeb\u00f6gen auf der [&hellip;]<\/p>\n","protected":false},"author":1,"featured_media":0,"parent":0,"menu_order":0,"comment_status":"closed","ping_status":"open","template":"","meta":{"footnotes":""},"class_list":["post-203","page","type-page","status-publish","hentry"],"_links":{"self":[{"href":"http:\/\/chessstamps.com\/index.php?rest_route=\/wp\/v2\/pages\/203","targetHints":{"allow":["GET"]}}],"collection":[{"href":"http:\/\/chessstamps.com\/index.php?rest_route=\/wp\/v2\/pages"}],"about":[{"href":"http:\/\/chessstamps.com\/index.php?rest_route=\/wp\/v2\/types\/page"}],"author":[{"embeddable":true,"href":"http:\/\/chessstamps.com\/index.php?rest_route=\/wp\/v2\/users\/1"}],"replies":[{"embeddable":true,"href":"http:\/\/chessstamps.com\/index.php?rest_route=%2Fwp%2Fv2%2Fcomments&post=203"}],"version-history":[{"count":138,"href":"http:\/\/chessstamps.com\/index.php?rest_route=\/wp\/v2\/pages\/203\/revisions"}],"predecessor-version":[{"id":4253,"href":"http:\/\/chessstamps.com\/index.php?rest_route=\/wp\/v2\/pages\/203\/revisions\/4253"}],"wp:attachment":[{"href":"http:\/\/chessstamps.com\/index.php?rest_route=%2Fwp%2Fv2%2Fmedia&parent=203"}],"curies":[{"name":"wp","href":"https:\/\/api.w.org\/{rel}","templated":true}]}}