{"id":1228,"date":"2018-01-24T09:55:30","date_gmt":"2018-01-24T08:55:30","guid":{"rendered":"http:\/\/chessstamps.com\/?page_id=1228"},"modified":"2022-05-02T14:01:13","modified_gmt":"2022-05-02T13:01:13","slug":"214-katalogvergleich","status":"publish","type":"page","link":"http:\/\/chessstamps.com\/?page_id=1228","title":{"rendered":"A214 Vergleichspreise (ST)"},"content":{"rendered":"<p>Zuletzt aktualisiert am 02.05.2022<\/p>\n<p>Erstmalig weist der Katalog Vergleichspreise aus.<\/p>\n<p>Es ist nicht m\u00f6glich, einen objektiven Preis f\u00fcr einen Beleg zu ermitteln. Jeder Sammler hat hier pers\u00f6nliche Wahrnehmungen. Um aber eine vern\u00fcnftige Preisdarstellung zu erzielen, wurden folgende Gedanken umgesetzt:<\/p>\n<p>Zuerst wird ein Stempel f\u00fcr sich selbst bewertet, also nur nach Kriterien, die an ihm selbst feststellbar sind. Dazu geh\u00f6ren:<\/p>\n<ul>\n<li>Lesbarkeit (gut, weniger gut, schlecht)<\/li>\n<li>Alter (je \u00e4lter, desto wertvoller)<\/li>\n<li>Marktverf\u00fcgbarkeit (je seltener, desto wertvoller)<\/li>\n<li>Hand- oder Maschinenstempel (Maschine mit Aufschlag wegen besserer Lesbarkeit)<\/li>\n<\/ul>\n<p>Dieser maximale Stempelwert ist jedoch nur vorgesehen f\u00fcr einen Stempel auf einem Beleg in bestm\u00f6glicher Ausstattung:<\/p>\n<ul>\n<li>Stempel ist gut lesbar und besitzt einen Anlass in Verbindung mit Schach<\/li>\n<li>Schach-Briefmarke ist aus diesem Anlass ausgegeben<\/li>\n<li>Illustration repr\u00e4sentiert diesen Anlass<\/li>\n<\/ul>\n<p>Ist dieser bestm\u00f6gliche Zustand nicht erreicht, wird der Preis abgewertet.<\/p>\n<p>Nicht in die Bewertung einbezogen wurden private Stempel und Absenderfreistempel.<\/p>\n<p>Eine sehr detaillierte Darstellung des Bewertungsverfahrens liegt dem Katalog bei. Es sei darauf hingewiesen, da\u00df diese Darstellung in einer Version 1 bereits als Diskussionsgrundlage im GSM Mitteilungsblatt 232 im November 2021 ver\u00f6ffentlicht wurde.<\/p>\n<p><a href=\"http:\/\/chessstamps.com\/wp-content\/uploads\/2022\/05\/SST_DEMO_214_DE.pdf\">SST_DEMO_214_DE<\/a><\/p>\n","protected":false},"excerpt":{"rendered":"<p>Zuletzt aktualisiert am 02.05.2022 Erstmalig weist der Katalog Vergleichspreise aus. Es ist nicht m\u00f6glich, einen objektiven Preis f\u00fcr einen Beleg zu ermitteln. Jeder Sammler hat hier pers\u00f6nliche Wahrnehmungen. Um aber eine vern\u00fcnftige Preisdarstellung zu erzielen, wurden folgende Gedanken umgesetzt: Zuerst wird ein Stempel f\u00fcr sich selbst bewertet, also nur nach Kriterien, die an ihm selbst [&hellip;]<\/p>\n","protected":false},"author":1,"featured_media":0,"parent":605,"menu_order":0,"comment_status":"closed","ping_status":"closed","template":"","meta":{"footnotes":""},"class_list":["post-1228","page","type-page","status-publish","hentry"],"_links":{"self":[{"href":"http:\/\/chessstamps.com\/index.php?rest_route=\/wp\/v2\/pages\/1228","targetHints":{"allow":["GET"]}}],"collection":[{"href":"http:\/\/chessstamps.com\/index.php?rest_route=\/wp\/v2\/pages"}],"about":[{"href":"http:\/\/chessstamps.com\/index.php?rest_route=\/wp\/v2\/types\/page"}],"author":[{"embeddable":true,"href":"http:\/\/chessstamps.com\/index.php?rest_route=\/wp\/v2\/users\/1"}],"replies":[{"embeddable":true,"href":"http:\/\/chessstamps.com\/index.php?rest_route=%2Fwp%2Fv2%2Fcomments&post=1228"}],"version-history":[{"count":12,"href":"http:\/\/chessstamps.com\/index.php?rest_route=\/wp\/v2\/pages\/1228\/revisions"}],"predecessor-version":[{"id":3359,"href":"http:\/\/chessstamps.com\/index.php?rest_route=\/wp\/v2\/pages\/1228\/revisions\/3359"}],"up":[{"embeddable":true,"href":"http:\/\/chessstamps.com\/index.php?rest_route=\/wp\/v2\/pages\/605"}],"wp:attachment":[{"href":"http:\/\/chessstamps.com\/index.php?rest_route=%2Fwp%2Fv2%2Fmedia&parent=1228"}],"curies":[{"name":"wp","href":"https:\/\/api.w.org\/{rel}","templated":true}]}}